s the remainder when 10703 is divided by 289?
10
Calculate the remainder when 20627 is divided by 5117.
159
What is the remainder when 50532 is divided by 16811?
99
Calculate the remainder when 27882 is divided by 143.
140
Calculate the remainder when 64608 is divided by 130.
128
Calculate the remainder when 12751 is divided by 607.
4
What is the remainder when 767049 is divided by 52?
49
What is the remainder when 5361 is divided by 167?
17
What is the remainder when 71195 is divided by 12?
11
What is the remainder when 368865 is divided by 12?
9
What is the remainder when 4861 is divided by 1321?
898
What is the remainder when 719169 is divided by 10?
9
What is the remainder when 1417791 is divided by 5453?
11
What is the remainder when 2729 is divided by 239?
100
Calculate the remainder when 60669 is divided by 94.
39
What is the remainder when 16337 is divided by 710?
7
Calculate the remainder when 521736 is divided by 449.
447
What is the remainder when 108201 is divided by 1002?
987
Calculate the remainder when 7453 is divided by 393.
379
What is the remainder when 102374 is divided by 2?
0
What is the remainder when 7032 is divided by 1753?
20
What is the remainder when 10567 is divided by 77?
18
Calculate the remainder when 127780 is divided by 18.
16
What is the remainder when 877 is divided by 401?
75
Calculate the remainder when 4618 is divided by 185.
178
What is the remainder when 20679 is divided by 300?
279
What is the remainder when 147 is divided by 117?
30
Calculate the remainder when 1094 is divided by 90.
14
What is the remainder when 4626 is divided by 47?
20
Calculate the remainder when 14848 is divided by 672.
64
What is the remainder when 6719 is divided by 232?
223
What is the remainder when 45238 is divided by 58?
56
Calculate the remainder when 39550 is divided by 298.
214
What is the remainder when 2106 is divided by 150?
6
What is the remainder when 402287 is divided by 80?
47
Calculate the remainder when 20310 is divided by 3385.
0
What is the remainder when 59961 is divided by 659?
651
What is the remainder when 6147 is divided by 10?
7
Calculate the remainder when 2233 is divided by 102.
91
What is the remainder when 99649 is divided by 339?
322
What is the remainder when 94942 is divided by 8630?
12
What is the remainder when 870 is divided by 251?
117
What is the remainder when 7801 is divided by 63?
52
Calculate the remainder when 24007 is divided by 87.
82
What is the remainder when 191402 is divided by 95681?
40
Calculate the remainder when 1205546 is divided by 301383.
14
What is the remainder when 5627 is divided by 148?
3
Calculate the remainder when 643611 is divided by 355.
351
What is the remainder when 4130 is divided by 1318?
176
Calculate the remainder when 5060474 is divided by 85.
84
What is the remainder when 391 is divided by 125?
16
What is the remainder when 7964 is divided by 362?
0
Calculate the remainder when 5274 is divided by 8.
2
What is the remainder when 1531 is divided by 1088?
443
Calculate the remainder when 71465 is divided by 89.
87
Calculate the remainder when 63566 is divided by 4.
2
Calculate the remainder when 17116 is divided by 36.
16
What is the remainder when 1278226 is divided by 146?
142
Calculate the remainder when 1514 is divided by 659.
196
Calculate the remainder when 2595 is divided by 1283.
29
Calculate the remainder when 39059 is divided by 28.
27
What is the remainder when 10474 is divided by 808?
778
Calculate the remainder when 3146 is divided by 272.
154
Calculate the remainder when 2618 is divided by 866.
20
Calculate the remainder when 183325 is divided by 23.
15
What is the remainder when 3669 is divided by 105?
99
Calculate the remainder when 55905 is divided by 1331.
3
Calculate the remainder when 66166 is divided by 16540.
6
What is the remainder when 367871 is divided by 55?
31
Calculate the remainder when 166378 is divided by 1869.
37
Calculate the remainder when 83209 is divided by 27657.
238
What is the remainder when 12933 is divided by 49?
46
What is the remainder when 14275 is divided by 810?
505
Calculate the remainder when 9031 is divided by 48.
7
Calculate the remainder when 236436 is divided by 40.
36
Calculate the remainder when 532905 is divided by 40.
25
What is the remainder when 48119 is divided by 8?
7
What is the remainder when 2816 is divided by 16?
0
Calculate the remainder when 833593 is divided by 105.
103
Calculate the remainder when 2868 is divided by 33.
30
What is the remainder when 6587 is divided by 2173?
68
Calculate the remainder when 210683 is divided by 230.
3
What is the remainder when 41682 is divided by 34?
32
What is the remainder when 110697 is divided by 20?
17
Calculate the remainder when 62377 is divided by 6232.
57
What is the remainder when 42241 is divided by 26?
17
What is the remainder when 66074 is divided by 94?
86
What is the remainder when 2693 is divided by 332?
37
Calculate the remainder when 8816 is divided by 2506.
1298
Calculate the remainder when 8039 is divided by 222.
47
What is the remainder when 265154 is divided by 140?
134
What is the remainder when 67635 is divided by 22451?
282
Calculate the remainder when 24994 is divided by 249.
94
Calculate the remainder when 15501 is divided by 3845.
121
Calculate the remainder when 820 is divided by 10.
0
Calculate the remainder when 1823 is divided by 1721.
102
Calculate the remainder when 573515 is divided by 191134.
113
Calculate the remainder when 1643 is divided by 422.
377
What is the remainder when 208259 is divided by 468?
467
Calculate the remainder when 5850 is divided by 698.
266
What is the remainder when 37678 is divided by 12475?
253
What is the remainder when 11602 is divided by 15?
7
What is the remainder when 65089 is divided by 64?
1
What is the remainder when 576689 is divided by 117?
113
What is the remainder when 191320 is divided by 4348?
8
Calculate the remainder when 6155 is divided by 474.
467
Calculate the remainder when 36217 is divided by 106.
71
Calculate the remainder when 28154 is divided by 4021.
7
Calculate the remainder when 4223 is divided by 703.
5
What is the remainder when 342134 is divided by 493?
485
Calculate the remainder when 9914 is divided by 899.
25
Calculate the remainder when 43014 is divided by 4762.
156
Calculate the remainder when 23509 is divided by 11738.
33
Calculate the remainder when 10453 is divided by 18.
13
What is the remainder when 51080 is divided by 287?
281
Calculate the remainder when 52301 is divided by 63.
11
Calculate the remainder when 29997 is divided by 19.
15
What is the remainder when 315086 is divided by 647?
644
What is the remainder when 1414382 is divided by 6?
2
What is the remainder when 2423047 is divided by 805?
802
What is the remainder when 103445 is divided by 386?
383
What is the remainder when 821 is divided by 342?
137
Calculate the remainder when 3060 is divided by 1354.
352
Calculate the remainder when 52475 is divided by 451.
159
Calculate the remainder when 169068 is divided by 58.
56
What is the remainder when 471 is divided by 16?
7
Calculate the remainder when 15599 is divided by 289.
282
What is the remainder when 177236 is divided by 844?
840
Calculate the remainder when 85109 is divided by 30.
29
What is the remainder when 4414 is divided by 23?
21
Calculate the remainder when 29428 is divided by 82.
72
Calculate the remainder when 10082 is divided by 7.
2
What is the remainder when 372 is divided by 243?
129
What is the remainder when 18959 is divided by 609?
80
Calculate the remainder when 729 is divided by 182.
1
What is the remainder when 440948 is divided by 1764?
1712
What is the remainder when 996363 is divided by 92?
3
Calculate the remainder when 53965 is divided by 13480.
45
What is the remainder when 13330 is divided by 41?
5
Calculate the remainder when 477687 is divided by 8.
7
What is the remainder when 110660 is divided by 522?
518
Calculate the remainder when 164405 is divided by 347.
274
What is the remainder when 149508 is divided by 7475?
8
Calculate the remainder when 5164 is divided by 740.
724
Calculate the remainder when 1303 is divided by 255.
28
What is the remainder when 38722 is divided by 34?
30
What is the remainder when 782